 What is the remainder when u is divided by 7?
3
Suppose 20 = 2*y - 42. Suppose -5*h + 53 = 4*d, -3*d + 15 + 31 = 5*h. Suppose -3*q + 40 = d. What is the remainder when y is divided by q?
9
Let h be ((-10)/30)/(1/6). Let v be h/6*-3 - -49. Suppose 21 = 3*x + m - 16, 5*x = -4*m + v. Calculate the remainder when 39 is divided by x.
11
Let z(n) = -6*n - 7. Suppose 1 = -3*l - 17. What is the remainder when z(l) is divided by 16?
13
Let k = -69 + 81. What is the remainder when 23 is divided by k?
11
Suppose 3*z - 5*z = -22. What is the remainder when z is divided by (-9)/3*4/(-3)?
3
Suppose 2*u = w - 18 - 1, -u = w - 34. Let d(z) = z + 3. Suppose 2*f + 28 = -0*a + 4*a, 4*a - 16 = -f. What is the remainder when w is divided by d(a)?
5
Suppose 4*p - 26 = 6. Suppose 2*a - m = -2*m + p, 5*a - 23 = -4*m. What is the remainder when (-2 + a)/(1/35) is divided by 12?
11
Suppose 57 + 13 = 5*x. What is the remainder when 27 is divided by x?
13
Let m be (4 + 0)/((-4)/30). Let o = 46 + m. What is the remainder when o is divided by 6?
4
Let z(k) = -k**2 + k + 15. Calculate the remainder when z(0) is divided by 9.
6
Let q(t) = 4*t**2 + 15*t + 31. Suppose -2*x = -5*x + 6. What is the remainder when (-1)/x + (-87)/(-2) is divided by q(-3)?
21
What is the remainder when 17 - (0 - (0 + -2)) is divided by 9?
6
Let h be 2/(-8) - 92/16. Calculate the remainder when h/(-8)*(0 + 96) is divided by 25.
22
Let w be ((-28)/8)/(1/(-2)). Let k = 1 + w. What is the remainder when 14 is divided by k?
6
Let l(i) = 2*i**2 + 11*i + 9. Let v be l(-7). Let t = 42 - v. Let p = -25 - -59. What is the remainder when p is divided by t?
10
Let o(k) = k**2 + k + 6. Suppose -5*b = 5*g - 30, g - 51 = -5*b - 17. Let w = b + 10. What is the remainder when w is divided by o(0)?
5
Let s(h) = h**2 + 5*h - 6. Let a be s(-7). Let b(x) = x**3 - 8*x**2 + 9. What is the remainder when 35 is divided by b(a)?
8
Calculate the remainder when 32/3 + (-12)/18 is divided by 6.
4
Let s(w) = -w**3 - 6*w**2 - 5*w + 4. Let f be s(-4). Calculate the remainder when (-87)/(-2) - f/16 is divided by 15.
14
Let x = 9 + -3. What is the remainder when 23 is divided by x?
5
Let c = -32 - -17. Let l = c + 32. What is the remainder when l is divided by (-2)/(-1) - 4*-1?
5
Let v = 11 - -1. Suppose -4*u - p = -97, u - 5*p + 0*p = 19. What is the remainder when u is divided by 8/v*(-78)/(-4)?
11
Let s = 12 - 4. What is the remainder when 29 is divided by s?
5
Suppose -4*v = 3 - 107. Let z(i) = -i - 1. Let b be z(0). Calculate the remainder when v is divided by b/(2 + (-45)/21).
5
Let o(a) = -a**2 + 25*a - 44. Calculate the remainder when o(20) is divided by 19.
18
Suppose 0 = -3*g - 9, f + 3*g + 10 - 3 = 0. Suppose y + d = 30, -2*y + 3*y = f*d + 42. What is the remainder when y is divided by 18?
16
Let c = -60 - -135. Let w = 66 + -35. Let h = c - w. Calculate the remainder when h is divided by 15.
14
Suppose -7*h + 8 = -3*h. Suppose -1 = -s + h. What is the remainder when 11 is divided by s?
2
Suppose 64 = -0*z + 8*z. Calculate the remainder when 52 is divided by z.
4
Suppose 5*f = -x + 14, 0 = 3*f - x - 1 - 9. Suppose o = 4*z + 14, -7*o + 4*z = -f*o - 92. Let s(a) = 4*a - 1. What is the remainder when o is divided by s(2)?
5
Suppose 31 + 24 = j. Let b be (-377)/(-5) + 6/(-15). Suppose -b = -5*f - 5*t, t - 4*t + 83 = 5*f. What is the remainder when j is divided by f?
17
Let o be (-6)/(-4)*(-80)/(-3). Let x = o - 22. Suppose -5*i + 25 = -0*i, -4*i = -5*d + 145. What is the remainder when d is divided by x?
15
Let w(i) = -i - 4. Let u be w(-2). Let d(p) = 4*p**2 - p + 3*p + 0*p - 1. What is the remainder when 21 is divided by d(u)?
10
Let l be 2 + 3 + 223 + -1. Suppose -33 = -5*c + l. Suppose 5*h - c = h. Calculate the remainder when 25 is divided by h.
12
What is the remainder when 14 is divided by 4/4 + 6 - 3?
2
Let m(y) = -y**2 + 6*y + 3. Let u(b) = -b + 26. What is the remainder when u(6) is divided by m(3)?
8
Suppose 0*c + 2*g = -c + 1, 2*c - 9 = 3*g. Calculate the remainder when c is divided by 2.
1
Calculate the remainder when (-2 - -45)/1 - -2 is divided by 12.
9
Let z = 38 - 26. Let g = z + -20. What is the remainder when 12 is divided by (-1)/(-1) - 2 - g?
5
Suppose 4*l = 6*l - 34. Suppose 6*o = l + 37. Calculate the remainder when 35 is divided by o.
8
Let r = -1 - -5. Suppose r*a - 5*a = -5. Calculate the remainder when 17 is divided by a.
2
Suppose -20 = -5*t - 5*g, -3*t - 16 = -2*t - 4*g. Suppose -v - l = -t*l, -v + 25 = -4*l. Calculate the remainder when v is divided by 3.
2
Let b(s) = 4*s**3 + s. Calculate the remainder when 12 is divided by b(1).
2
Let h = 26 - -8. Suppose i = -7*i + 200. Suppose 2*t - o - i = 0, -3*o + 42 = 4*t - 3. What is the remainder when h is divided by t?
10
Suppose -z + 7 = 3. Suppose -2*y + 28 = 5*l - z*y, -2*l = 2*y. What is the remainder when 11 is divided by l?
3
Suppose -20 = 4*m, x - 2*m - 4 = 6. Suppose x = 4*s - 43 - 5. Calculate the remainder when s is divided by 7.
5
Suppose 2*o + 2*o - 3*f = 67, -5*o - 5*f + 40 = 0. What is the remainder when 89 is divided by o?
11
Suppose 0 = -6*r + 4*r + 42. Let f = -82 - -122. What is the remainder when f is divided by r?
19
Suppose -5*t = 22 + 28. Let m(v) = v**3 + 10*v**2 - v - 7. Calculate the remainder when 8 is divided by m(t).
2
Suppose 0*m = 7*m - 98. Calculate the remainder when 25 is divided by m.
11
Suppose 22 = p - 9. What is the remainder when 122 is divided by p?
29
Let c(u) = u**2 - 3*u + 5. Calculate the remainder when 89 is divided by c(6).
20
What is the remainder when 1/((-104)/(-102) - 1) is divided by 18?
15
Let i be 2 + 1*(-9)/(-3). Let k = 8 - i. Suppose -4*x - k*w + 27 = 0, 5*x - w = x + 7. What is the remainder when 4 is divided by x?
1
Calculate the remainder when (-4)/(-8) + (-105)/(-2) is divided by 19.
15
Let c be (50/4)/(1/6). Suppose h = -4*h - c. What is the remainder when (-4 - (0 + -3))*h is divided by 8?
7
Suppose 21 = -11*b + 18*b. What is the remainder when 4 is divided by b?
1
Suppose -2*v - 4*i = -82, 4*v + 5*i = 3*i + 188. What is the remainder when v is divided by 13?
10
Let m(t) = 12*t**2 - 2*t + 3. Let o = -30 - -46. Calculate the remainder when m(2) is divided by o.
15
Suppose 14*b - 11*b - 42 = 0. What is the remainder when (-78)/(-4)*4/3 is divided by b?
12
What is the remainder when 143 is divided by (8 - 4 - 7)/(12/(-160))?
23
Suppose 2*n + 24 - 2 = 0. Let d = n - -22. What is the remainder when 21 is divided by d?
10
Suppose u = 2*p - 12 - 14, 22 = 2*p + u. Suppose -6*l + p = -2*l. Calculate the remainder when 8 is divided by l.
2
Calculate the remainder when 15 is divided by (-1 - 3)*3*13/(-26).
3
Suppose 5*f = 107 + 18. Calculate the remainder when 45 is divided by f.
20
Suppose -3*t = 5*z - 15, 20 + 0 = 4*t + z. What is the remainder when 2/t + (-909)/(-15) is divided by 21?
19
Suppose -2*w + 4*w - 60 = t, 0 = -w + 5*t + 39. Let k(j) = 7*j**2 + 1. What is the remainder when w is divided by k(-1)?
5
Let v(w) = -w + 11. Suppose 3*l - 3 = 3. Suppose s - 18 = -l*s. Calculate the remainder when v(0) is divided by s.
5
Calculate the remainder when 53 is divided by 1 - (-9)/(-2)*-6.
25
Suppose 0 = 4*o - 125 + 25. Let a = -12 + o. Suppose -g - 2*h + 13 = 0, 4*g - h + 2*h = 31. What is the remainder when a is divided by g?
6
Suppose x + 3*f - 83 = 0, 0 = -5*f - 4 + 9. Calculate the remainder when x is divided by 27.
26
Let y = 18 - 12. Let i(c) = -c**2 + 7*c + 1. Calculate the remainder when i(y) is divided by 3.
1
Suppose -29 = -4*o + 59. Calculate the remainder when o is divided by (15/30)/(2/48).
10
Let f = -3 + 32. What is the remainder when f is divided by 8?
5
What is the remainder when (-2 - -3)/((-2)/(-12)) is divided by (-4)/8*8/(-1)?
2
Let o = 1 + 5. Suppose -6 - 6 = 3*g. Let k(w) = w**2 + 2*w + 3. Calculate the remainder when k(g) is divided by o.
5
What is the remainder when 2/(27/(-15) + 2) is divided by 4?
2
Let n be ((-1)/(-2))/(3/306). Let z = n - 31. What is the remainder when 37 is divided by z?
17
Suppose -4*a - 105 = a. Let d = a - -34. Calculate the remainder when 37 is divided by d.
11
Let w(b) = -2*b**2 + 31*b + 13. What is the remainder when w(9) is divided by 66?
64
Suppose 0 = -3*z + z - 2, -2*n - 4*z = -22. Let d be 12/10*10/(-3). What is the remainder when d/(-16) 